culate the highest common factor of 16 and r.
8
Let n(x) = 5*x**2 - x. Let v be n(-2). Let k be ((-51)/6)/(1/2). Let f = 72 + k. What is the highest common divisor of v and f?
11
Suppose x = 7*x + 240. Let l = x - -68. Calculate the highest common divisor of l and 28.
28
Let c(a) = a + 23. Let m be c(0). Let h = m - 23. Suppose h*o = o - 8. Calculate the highest common factor of 88 and o.
8
Let w(o) = o + 3. Let c be w(5). Let a = c - 7. Let l be -2*a/(-6)*21. What is the greatest common factor of 77 and l?
7
Let k be (-92)/(-8) + 35/(-14). Suppose -q + 24 = k. What is the highest common factor of q and 15?
15
Suppose -3*d = 4*g - 39, 47 = 3*g + 2*d + 18. Calculate the highest common factor of 243 and g.
9
Let u(f) = 2*f**2 + 10*f + 10. Let l be u(-9). Suppose s - 47 = -2*h, -60 = -5*s - 5*h + 160. Calculate the highest common divisor of l and s.
41
Suppose 0 = -6*k + 406 + 134. What is the highest common factor of k and 27?
9
Suppose 5*l - 4892 = -4747. Calculate the highest common factor of l and 261.
29
Let c be 3/9 + (-34)/(-6). Calculate the highest common divisor of c and 189.
3
Let p(k) = 2*k + 28. Let r be p(-13). Suppose -4*h + 0*h = -r*d - 28, -3*h + 28 = 2*d. Calculate the highest common divisor of 64 and h.
8
Let p = 514 - 446. Calculate the highest common factor of 884 and p.
68
Let h be -4 - ((1 - -8) + -31). What is the greatest common factor of h and 468?
18
Let m be 1/(-3) - 170/(-6). Suppose -16*p = 32*p - 3360. What is the greatest common divisor of m and p?
14
Suppose 0 = -23*f + 3086 + 1606. Calculate the highest common factor of 24 and f.
12
Suppose -7371 = -47*b + 20*b. What is the greatest common divisor of 195 and b?
39
Suppose -417 = -4*c + 235. Suppose c = -7*g + 807. Calculate the greatest common divisor of 46 and g.
46
Suppose 2*y + 5*s = 777, y = 5*y - s - 1587. Suppose 32*h + y = 35*h. What is the greatest common divisor of 12 and h?
12
Let g be 33 + (-2)/(6/(-9)). Calculate the highest common factor of 36 and g.
36
Let a = -4 + 18. Suppose -a*j + 20 = -9*j. What is the highest common factor of j and 12?
4
Suppose 2*r + r + 18 = 0. Let w = r + 8. Suppose 48 = 2*a + w*a. Calculate the greatest common factor of a and 108.
12
Let g(b) = -99*b + 1674. Let a be g(0). What is the highest common factor of a and 124?
62
Suppose 3*w - 3*g - 12 = 0, -4*g - 9 = 3. Suppose 3 = -2*i + i + 5*b, 4*b = 2*i. Let v = i + -1. What is the highest common divisor of w and v?
1
Suppose -5*q + 116 = y, -q = -3*q + y + 45. Calculate the greatest common divisor of 299 and q.
23
Let r be (72/(-90))/(4/(-490)). Suppose w + 2*q = 6*w - r, -2*w + 48 = -3*q. Calculate the greatest common divisor of 27 and w.
9
Let f(o) = o**3 + 6*o**2 - o - 5. Let w be f(-4). Let v(u) = u**2 - 41*u + 303. Let r be v(35). What is the highest common divisor of w and r?
31
Suppose -6*t + 2 = -5*t. Suppose 0 = -5*k - 4*f + 38, t*k - 3*f + 2 = 8. Calculate the highest common divisor of k and 18.
6
Let f = 180 + -173. Suppose -4*z - 4*i - 325 = z, 2*z + 4*i + 130 = 0. Let m = z + 121. Calculate the highest common factor of m and f.
7
Let g(q) be the first derivative of 3*q**2/2 + 36*q + 1. Let h be g(0). What is the highest common divisor of 9 and h?
9
Let r(m) = -m**3 + 28*m**2 + 13*m - 59. Let n be r(20). Calculate the greatest common divisor of n and 19.
19
Let z = -791 - -794. Let t = 1 - 0. Let d be 209/3 + t/z. Calculate the highest common factor of d and 7.
7
Suppose 5*l + 5*f = 10, 0*f - f = -l. Let w be (2 - 90/(-4))*2. Let k = w + -38. What is the highest common factor of l and k?
1
Let o(x) = -2*x + 14. Let s be o(-6). Suppose -6*r = 2*r - 2288. What is the highest common divisor of s and r?
26
Suppose i = 6*i - 10. Calculate the highest common divisor of 50 and i.
2
Suppose -4*d + 3*b = 106, 0*d + 5*b - 18 = d. Let g = d + 44. Suppose -q + 175 - 63 = 0. Calculate the greatest common factor of q and g.
16
Let p(a) = 2*a**2 - 8*a + 4. Let q be p(4). Let o = q + 1. Suppose -2 = -o*h + 3. What is the highest common divisor of 1 and h?
1
Let g be ((-190)/(-20) - 6)*(-40)/(-7). Calculate the greatest common factor of 35 and g.
5
Suppose -10 = -3*x + x. Suppose -3*d = -d - n - 28, -4*d = -x*n - 62. Calculate the highest common divisor of 91 and d.
13
Suppose z + 807 = 2119. Suppose -360 - z = -11*g. Suppose -x - 2*y = y - 4, -3*y + 61 = 4*x. Calculate the highest common divisor of x and g.
19
Let h be -2 + 12 - (-1 - (-4)/(-4)). Calculate the highest common divisor of h and 42.
6
Let x(y) = y**2 + 7*y - 36. Let u be x(-13). What is the greatest common factor of 231 and u?
21
Let x(f) = 233*f + 51. Let u be x(2). Calculate the greatest common factor of 11 and u.
11
Let g(i) = -32*i - 33. Let f be g(-3). Calculate the greatest common factor of 7 and f.
7
Suppose 21*n - 178 = 116. Calculate the highest common divisor of n and 1582.
14
Suppose -3*a = -a - 4. Suppose z + 24 = 5*p, 0*z + a*z - 2 = 0. Suppose p*y = -l + 49, -3*l + 5*y = l - 71. Calculate the highest common divisor of 6 and l.
6
Let y = 511 - 323. Suppose y = 4*m - 316. What is the highest common factor of 84 and m?
42
Suppose -5*f - 5*b + 15 = -0, 3*f - b - 9 = 0. Suppose -46 = -5*s - r - r, -f = -r. Calculate the greatest common divisor of 88 and s.
8
Suppose 2*k - 2 = 68. Let r = k + -30. Calculate the highest common divisor of 5 and r.
5
Let m = 1113 - 753. Calculate the greatest common factor of 72 and m.
72
Suppose 4*k - 74 = 50. Let g = -297 + 421. What is the greatest common divisor of g and k?
31
Suppose -5*u - 3*b + 635 = 0, -2*b - 381 = 2*u - 5*u. Suppose 8 = 4*p - 8, u = -d - p. Let s = 267 + d. Calculate the greatest common divisor of 17 and s.
17
Let r be (60/14 - 0)/((-19)/(-266)). Let a(c) = -c**3 - 5*c**2 - 6*c - 6. Let m be a(-5). Calculate the highest common divisor of m and r.
12
Suppose 0 = 3*n + 12 - 30. Let x = 25 - n. Let g = 20 + x. What is the greatest common divisor of 26 and g?
13
Let l(d) = 35*d - 155. Let f(x) = -3*x + 13. Let z(s) = -25*f(s) - 2*l(s). Let a be z(17). What is the greatest common divisor of a and 35?
35
Let s = -1778 + 1933. What is the highest common factor of s and 217?
31
Suppose -931 = 13*l - 3167. Calculate the greatest common factor of l and 8.
4
Let w = -1094 - -2286. What is the highest common factor of 149 and w?
149
Let l(s) = -5*s + 8 + 4*s - 2 + 24. Let q be l(16). Let f(h) = 76*h + 2. Let r be f(2). Calculate the greatest common divisor of r and q.
14
Let v = 60 + 116. Suppose 4*l + 0*l + 10 = -5*d, -d + 4*l + 22 = 0. Suppose -4 = -d*q + 28. Calculate the greatest common divisor of v and q.
16
Let p = -156 + 428. Calculate the highest common factor of 51 and p.
17
Let h(y) = -2*y**3 - 6*y**2 - 23*y - 68. Let i be h(-5). Calculate the highest common divisor of i and 21.
21
Suppose 5*u = -15*p + 20*p + 1680, 0 = p - 2. What is the greatest common divisor of u and 26?
26
Suppose 3*m - 662 + 206 = 0. Suppose -2*f - 15 = -53. What is the highest common factor of m and f?
19
Suppose -35*m - 13*m = -72480. Calculate the highest common factor of 10 and m.
10
Let u be ((-498)/54 - (-2)/9)*-19. What is the highest common divisor of u and 9?
9
Suppose -3*n - 5*k + 142 = -n, 5*k = -10. Suppose x = 2*w - 11 + 38, w + 80 = 4*x. What is the greatest common divisor of n and x?
19
Suppose -2*c + 3*c - 3 = 0. Suppose -3*h = c*i + 2*h + 4, -4*h = 3*i + 2. Calculate the greatest common factor of i and 5.
1
Let f = -1458 - -1460. Calculate the greatest common factor of 143 and f.
1
Suppose b - 11 - 3 = 0. Suppose -b*d - 189 = -23*d. Calculate the greatest common factor of 3 and d.
3
Let c = -214 - -258. What is the highest common factor of 2948 and c?
44
Let m = 13 + 1. Let r(o) = -2 - 13*o + 25*o + 38*o. Let u be r(2). Calculate the highest common divisor of u and m.
14
Suppose 3*h = -h + 16. Suppose 2 = -i + h. Suppose 132 - i = 5*q. Calculate the greatest common factor of q and 65.
13
Let i = -30 + 46. Let f be (-7 - -225)*2/4. Let j = 19 + f. Calculate the highest common factor of i and j.
16
Let i = 7 - 7. Suppose 2*g - 4*n - 24 = i, 5 = g - n - 2. Suppose -g*w = -96 + 18. Calculate the highest common divisor of 13 and w.
13
Suppose 5*c + 2*a - 3*a - 1125 = 0, 229 = c - a. Calculate the greatest common factor of 96 and c.
32
Let k be ((-144)/28)/((-3)/21)